{"id":13617,"date":"2022-04-12T14:40:30","date_gmt":"2022-04-12T13:40:30","guid":{"rendered":"http:\/\/www.my-olympe.com\/?page_id=13617"},"modified":"2023-09-11T15:15:46","modified_gmt":"2023-09-11T14:15:46","slug":"alarmes-cameras-ip","status":"publish","type":"page","link":"https:\/\/www.my-olympe.com\/index.php\/alarmes-cameras-ip\/","title":{"rendered":"Alarmes, Portiers et Cam\u00e9ras (IP)"},"content":{"rendered":"\n<p>MY OLYMPE fournit et pose des syst\u00e8mes d&rsquo;alarmes, des portiers vid\u00e9os et des cam\u00e9ras de vid\u00e9o-surveillance.<\/p>\n\n\n\n<p>Ind\u00e9pendant des fabricants, MY OLYMPE choisit les \u00e9l\u00e9ments les plus ouverts et inter-op\u00e9rables du march\u00e9.<\/p>\n\n\n\n<p>Nos devis sont individualis\u00e9s avec visite de votre habitation avant son \u00e9tablissement.<\/p>\n\n\n\n<p>Un audit de votre besoin et une \u00e9tude personnalis\u00e9e permettra d&rsquo;\u00e9tablir la solution la plus adpat\u00e9e.<\/p>\n\n\n\n<p>Vous g\u00e9rez vous-m\u00eame votre installation (Alarme* \/ Cam\u00e9ras) sans recours \u00e0 des tiers ou des abonnements \u00e0 des plate-formes.<\/p>\n\n\n\n<p>Vous pouvez visionner \u00e0 distance toute alarme ou alerte de votre installation.<\/p>\n\n\n\n<p>N&rsquo;h\u00e9sitez pas \u00e0 <a href=\"http:\/\/www.my-olympe.com\/index.php\/contactez-nous\/\" target=\"_blank\" rel=\"noreferrer noopener\">nous consulter<\/a> pour plus d&rsquo;informations sur le sujet !<\/p>\n\n\n\n<p><\/p>\n\n\n\n<p><\/p>\n\n\n\n<p><\/p>\n\n\n\n<p>*<em><strong>My Olympe est partenaire <em><strong>certifi\u00e9<\/strong><\/em><\/strong><\/em> <em><strong>Ajax Systems<\/strong><\/em><\/p>\n\n\n\n<figure class=\"wp-block-image size-large is-resized\"><img loading=\"lazy\" decoding=\"async\" data-attachment-id=\"13669\" data-permalink=\"https:\/\/www.my-olympe.com\/index.php\/alarmes-cameras-ip\/ajax-name-black\/\" data-orig-file=\"https:\/\/www.my-olympe.com\/wp-content\/uploads\/2023\/09\/Ajax-name-black.png\" data-orig-size=\"9039,1829\" data-comments-opened=\"1\" data-image-meta=\"{&quot;aperture&quot;:&quot;0&quot;,&quot;credit&quot;:&quot;&quot;,&quot;camera&quot;:&quot;&quot;,&quot;caption&quot;:&quot;&quot;,&quot;created_timestamp&quot;:&quot;0&quot;,&quot;copyright&quot;:&quot;&quot;,&quot;focal_length&quot;:&quot;0&quot;,&quot;iso&quot;:&quot;0&quot;,&quot;shutter_speed&quot;:&quot;0&quot;,&quot;title&quot;:&quot;&quot;,&quot;orientation&quot;:&quot;0&quot;}\" data-image-title=\"Ajax-name-black\" data-image-description=\"\" data-image-caption=\"\" data-large-file=\"https:\/\/www.my-olympe.com\/wp-content\/uploads\/2023\/09\/Ajax-name-black-1024x207.png\" src=\"http:\/\/www.my-olympe.com\/wp-content\/uploads\/2023\/09\/Ajax-name-black-1024x207.png\" alt=\"\" class=\"wp-image-13669\" style=\"width:390px;height:79px\" width=\"390\" height=\"79\" srcset=\"https:\/\/www.my-olympe.com\/wp-content\/uploads\/2023\/09\/Ajax-name-black-1024x207.png 1024w, https:\/\/www.my-olympe.com\/wp-content\/uploads\/2023\/09\/Ajax-name-black-300x61.png 300w, https:\/\/www.my-olympe.com\/wp-content\/uploads\/2023\/09\/Ajax-name-black-768x155.png 768w, https:\/\/www.my-olympe.com\/wp-content\/uploads\/2023\/09\/Ajax-name-black-600x121.png 600w, https:\/\/www.my-olympe.com\/wp-content\/uploads\/2023\/09\/Ajax-name-black-1536x311.png 1536w, https:\/\/www.my-olympe.com\/wp-content\/uploads\/2023\/09\/Ajax-name-black-2048x414.png 2048w, https:\/\/www.my-olympe.com\/wp-content\/uploads\/2023\/09\/Ajax-name-black-1080x219.png 1080w, https:\/\/www.my-olympe.com\/wp-content\/uploads\/2023\/09\/Ajax-name-black-1320x267.png 1320w\" sizes=\"auto, (max-width: 390px) 100vw, 390px\" \/><\/figure>\n\n\n\n<div class=\"wp-block-jetpack-slideshow aligncenter\" data-effect=\"slide\"><div class=\"wp-block-jetpack-slideshow_container swiper-container\"><ul class=\"wp-block-jetpack-slideshow_swiper-wrapper swiper-wrapper\"><li class=\"wp-block-jetpack-slideshow_slide swiper-slide\"><figure><img loading=\"lazy\" decoding=\"async\" width=\"250\" height=\"250\" alt=\"\" class=\"wp-block-jetpack-slideshow_image wp-image-13631\" data-id=\"13631\" src=\"http:\/\/www.my-olympe.com\/wp-content\/uploads\/2022\/04\/DoorBird250.png\" srcset=\"https:\/\/www.my-olympe.com\/wp-content\/uploads\/2022\/04\/DoorBird250.png 250w, https:\/\/www.my-olympe.com\/wp-content\/uploads\/2022\/04\/DoorBird250-150x150.png 150w\" sizes=\"(max-width: 250px) 100vw, 250px\" \/><\/figure><\/li><li class=\"wp-block-jetpack-slideshow_slide swiper-slide\"><figure><img loading=\"lazy\" decoding=\"async\" width=\"250\" height=\"250\" alt=\"\" class=\"wp-block-jetpack-slideshow_image wp-image-13633\" data-id=\"13633\" src=\"http:\/\/www.my-olympe.com\/wp-content\/uploads\/2022\/04\/Camera250-1.png\" srcset=\"https:\/\/www.my-olympe.com\/wp-content\/uploads\/2022\/04\/Camera250-1.png 250w, https:\/\/www.my-olympe.com\/wp-content\/uploads\/2022\/04\/Camera250-1-150x150.png 150w\" sizes=\"(max-width: 250px) 100vw, 250px\" \/><\/figure><\/li><li class=\"wp-block-jetpack-slideshow_slide swiper-slide\"><figure><img loading=\"lazy\" decoding=\"async\" width=\"250\" height=\"247\" alt=\"\" class=\"wp-block-jetpack-slideshow_image wp-image-13634\" data-id=\"13634\" src=\"http:\/\/www.my-olympe.com\/wp-content\/uploads\/2022\/04\/ClavierAlarme250-1.png\"\/><\/figure><\/li><\/ul><a class=\"wp-block-jetpack-slideshow_button-prev swiper-button-prev swiper-button-white\" role=\"button\"><\/a><a class=\"wp-block-jetpack-slideshow_button-next swiper-button-next swiper-button-white\" role=\"button\"><\/a><a aria-label=\"Pause Slideshow\" class=\"wp-block-jetpack-slideshow_button-pause\" role=\"button\"><\/a><div class=\"wp-block-jetpack-slideshow_pagination swiper-pagination swiper-pagination-white\"><\/div><\/div><\/div>\n","protected":false},"excerpt":{"rendered":"<p>MY OLYMPE fournit et pose des syst\u00e8mes d&rsquo;alarmes, des portiers vid\u00e9os et des cam\u00e9ras de vid\u00e9o-surveillance. Ind\u00e9pendant des fabricants, MY OLYMPE choisit les \u00e9l\u00e9ments les plus ouverts et inter-op\u00e9rables du march\u00e9. Nos devis sont individualis\u00e9s avec visite de votre habitation avant son \u00e9tablissement. Un audit de votre besoin et une \u00e9tude personnalis\u00e9e permettra d&rsquo;\u00e9tablir la [&hellip;]<\/p>\n","protected":false},"author":1,"featured_media":0,"parent":0,"menu_order":0,"comment_status":"closed","ping_status":"closed","template":"","meta":{"_et_pb_use_builder":"","_et_pb_old_content":"","footnotes":""},"class_list":["post-13617","page","type-page","status-publish","hentry"],"yoast_head":"<!-- This site is optimized with the Yoast SEO plugin v27.6 - https:\/\/yoast.com\/product\/yoast-seo-wordpress\/ -->\n<title>Alarmes, Portiers et Cam\u00e9ras (IP) - MY OLYMPE<\/title>\n<meta name=\"robots\" content=\"index, follow, max-snippet:-1, max-image-preview:large, max-video-preview:-1\" \/>\n<link rel=\"canonical\" href=\"http:\/\/www.my-olympe.com\/index.php\/alarmes-cameras-ip\/\" \/>\n<meta property=\"og:locale\" content=\"fr_FR\" \/>\n<meta property=\"og:type\" content=\"article\" \/>\n<meta property=\"og:title\" content=\"Alarmes, Portiers et Cam\u00e9ras (IP) - MY OLYMPE\" \/>\n<meta property=\"og:description\" content=\"MY OLYMPE fournit et pose des syst\u00e8mes d&rsquo;alarmes, des portiers vid\u00e9os et des cam\u00e9ras de vid\u00e9o-surveillance. Ind\u00e9pendant des fabricants, MY OLYMPE choisit les \u00e9l\u00e9ments les plus ouverts et inter-op\u00e9rables du march\u00e9. Nos devis sont individualis\u00e9s avec visite de votre habitation avant son \u00e9tablissement. Un audit de votre besoin et une \u00e9tude personnalis\u00e9e permettra d&rsquo;\u00e9tablir la [&hellip;]\" \/>\n<meta property=\"og:url\" content=\"http:\/\/www.my-olympe.com\/index.php\/alarmes-cameras-ip\/\" \/>\n<meta property=\"og:site_name\" content=\"MY OLYMPE\" \/>\n<meta property=\"article:publisher\" content=\"https:\/\/www.facebook.com\/MyOlympe\/\" \/>\n<meta property=\"article:modified_time\" content=\"2023-09-11T14:15:46+00:00\" \/>\n<meta property=\"og:image\" content=\"http:\/\/www.my-olympe.com\/wp-content\/uploads\/2023\/09\/Ajax-name-black-1024x207.png\" \/>\n<meta name=\"twitter:card\" content=\"summary_large_image\" \/>\n<meta name=\"twitter:site\" content=\"@myolympe\" \/>\n<meta name=\"twitter:label1\" content=\"Dur\u00e9e de lecture estim\u00e9e\" \/>\n\t<meta name=\"twitter:data1\" content=\"2 minutes\" \/>\n<script type=\"application\/ld+json\" class=\"yoast-schema-graph\">{\"@context\":\"https:\\\/\\\/schema.org\",\"@graph\":[{\"@type\":\"WebPage\",\"@id\":\"http:\\\/\\\/www.my-olympe.com\\\/index.php\\\/alarmes-cameras-ip\\\/\",\"url\":\"http:\\\/\\\/www.my-olympe.com\\\/index.php\\\/alarmes-cameras-ip\\\/\",\"name\":\"Alarmes, Portiers et Cam\u00e9ras (IP) - MY OLYMPE\",\"isPartOf\":{\"@id\":\"http:\\\/\\\/www.my-olympe.com\\\/#website\"},\"primaryImageOfPage\":{\"@id\":\"http:\\\/\\\/www.my-olympe.com\\\/index.php\\\/alarmes-cameras-ip\\\/#primaryimage\"},\"image\":{\"@id\":\"http:\\\/\\\/www.my-olympe.com\\\/index.php\\\/alarmes-cameras-ip\\\/#primaryimage\"},\"thumbnailUrl\":\"http:\\\/\\\/www.my-olympe.com\\\/wp-content\\\/uploads\\\/2023\\\/09\\\/Ajax-name-black-1024x207.png\",\"datePublished\":\"2022-04-12T13:40:30+00:00\",\"dateModified\":\"2023-09-11T14:15:46+00:00\",\"breadcrumb\":{\"@id\":\"http:\\\/\\\/www.my-olympe.com\\\/index.php\\\/alarmes-cameras-ip\\\/#breadcrumb\"},\"inLanguage\":\"fr-FR\",\"potentialAction\":[{\"@type\":\"ReadAction\",\"target\":[\"http:\\\/\\\/www.my-olympe.com\\\/index.php\\\/alarmes-cameras-ip\\\/\"]}]},{\"@type\":\"ImageObject\",\"inLanguage\":\"fr-FR\",\"@id\":\"http:\\\/\\\/www.my-olympe.com\\\/index.php\\\/alarmes-cameras-ip\\\/#primaryimage\",\"url\":\"https:\\\/\\\/www.my-olympe.com\\\/wp-content\\\/uploads\\\/2023\\\/09\\\/Ajax-name-black.png\",\"contentUrl\":\"https:\\\/\\\/www.my-olympe.com\\\/wp-content\\\/uploads\\\/2023\\\/09\\\/Ajax-name-black.png\",\"width\":9039,\"height\":1829},{\"@type\":\"BreadcrumbList\",\"@id\":\"http:\\\/\\\/www.my-olympe.com\\\/index.php\\\/alarmes-cameras-ip\\\/#breadcrumb\",\"itemListElement\":[{\"@type\":\"ListItem\",\"position\":1,\"name\":\"Accueil\",\"item\":\"https:\\\/\\\/www.my-olympe.com\\\/\"},{\"@type\":\"ListItem\",\"position\":2,\"name\":\"Alarmes, Portiers et Cam\u00e9ras (IP)\"}]},{\"@type\":\"WebSite\",\"@id\":\"http:\\\/\\\/www.my-olympe.com\\\/#website\",\"url\":\"http:\\\/\\\/www.my-olympe.com\\\/\",\"name\":\"MY OLYMPE\",\"description\":\"Smart Building &amp; Solutions Connect\u00e9es\",\"potentialAction\":[{\"@type\":\"SearchAction\",\"target\":{\"@type\":\"EntryPoint\",\"urlTemplate\":\"http:\\\/\\\/www.my-olympe.com\\\/?s={search_term_string}\"},\"query-input\":{\"@type\":\"PropertyValueSpecification\",\"valueRequired\":true,\"valueName\":\"search_term_string\"}}],\"inLanguage\":\"fr-FR\"}]}<\/script>\n<!-- \/ Yoast SEO plugin. -->","yoast_head_json":{"title":"Alarmes, Portiers et Cam\u00e9ras (IP) - MY OLYMPE","robots":{"index":"index","follow":"follow","max-snippet":"max-snippet:-1","max-image-preview":"max-image-preview:large","max-video-preview":"max-video-preview:-1"},"canonical":"http:\/\/www.my-olympe.com\/index.php\/alarmes-cameras-ip\/","og_locale":"fr_FR","og_type":"article","og_title":"Alarmes, Portiers et Cam\u00e9ras (IP) - MY OLYMPE","og_description":"MY OLYMPE fournit et pose des syst\u00e8mes d&rsquo;alarmes, des portiers vid\u00e9os et des cam\u00e9ras de vid\u00e9o-surveillance. Ind\u00e9pendant des fabricants, MY OLYMPE choisit les \u00e9l\u00e9ments les plus ouverts et inter-op\u00e9rables du march\u00e9. Nos devis sont individualis\u00e9s avec visite de votre habitation avant son \u00e9tablissement. Un audit de votre besoin et une \u00e9tude personnalis\u00e9e permettra d&rsquo;\u00e9tablir la [&hellip;]","og_url":"http:\/\/www.my-olympe.com\/index.php\/alarmes-cameras-ip\/","og_site_name":"MY OLYMPE","article_publisher":"https:\/\/www.facebook.com\/MyOlympe\/","article_modified_time":"2023-09-11T14:15:46+00:00","og_image":[{"url":"http:\/\/www.my-olympe.com\/wp-content\/uploads\/2023\/09\/Ajax-name-black-1024x207.png","type":"","width":"","height":""}],"twitter_card":"summary_large_image","twitter_site":"@myolympe","twitter_misc":{"Dur\u00e9e de lecture estim\u00e9e":"2 minutes"},"schema":{"@context":"https:\/\/schema.org","@graph":[{"@type":"WebPage","@id":"http:\/\/www.my-olympe.com\/index.php\/alarmes-cameras-ip\/","url":"http:\/\/www.my-olympe.com\/index.php\/alarmes-cameras-ip\/","name":"Alarmes, Portiers et Cam\u00e9ras (IP) - MY OLYMPE","isPartOf":{"@id":"http:\/\/www.my-olympe.com\/#website"},"primaryImageOfPage":{"@id":"http:\/\/www.my-olympe.com\/index.php\/alarmes-cameras-ip\/#primaryimage"},"image":{"@id":"http:\/\/www.my-olympe.com\/index.php\/alarmes-cameras-ip\/#primaryimage"},"thumbnailUrl":"http:\/\/www.my-olympe.com\/wp-content\/uploads\/2023\/09\/Ajax-name-black-1024x207.png","datePublished":"2022-04-12T13:40:30+00:00","dateModified":"2023-09-11T14:15:46+00:00","breadcrumb":{"@id":"http:\/\/www.my-olympe.com\/index.php\/alarmes-cameras-ip\/#breadcrumb"},"inLanguage":"fr-FR","potentialAction":[{"@type":"ReadAction","target":["http:\/\/www.my-olympe.com\/index.php\/alarmes-cameras-ip\/"]}]},{"@type":"ImageObject","inLanguage":"fr-FR","@id":"http:\/\/www.my-olympe.com\/index.php\/alarmes-cameras-ip\/#primaryimage","url":"https:\/\/www.my-olympe.com\/wp-content\/uploads\/2023\/09\/Ajax-name-black.png","contentUrl":"https:\/\/www.my-olympe.com\/wp-content\/uploads\/2023\/09\/Ajax-name-black.png","width":9039,"height":1829},{"@type":"BreadcrumbList","@id":"http:\/\/www.my-olympe.com\/index.php\/alarmes-cameras-ip\/#breadcrumb","itemListElement":[{"@type":"ListItem","position":1,"name":"Accueil","item":"https:\/\/www.my-olympe.com\/"},{"@type":"ListItem","position":2,"name":"Alarmes, Portiers et Cam\u00e9ras (IP)"}]},{"@type":"WebSite","@id":"http:\/\/www.my-olympe.com\/#website","url":"http:\/\/www.my-olympe.com\/","name":"MY OLYMPE","description":"Smart Building &amp; Solutions Connect\u00e9es","potentialAction":[{"@type":"SearchAction","target":{"@type":"EntryPoint","urlTemplate":"http:\/\/www.my-olympe.com\/?s={search_term_string}"},"query-input":{"@type":"PropertyValueSpecification","valueRequired":true,"valueName":"search_term_string"}}],"inLanguage":"fr-FR"}]}},"jetpack_sharing_enabled":true,"jetpack_shortlink":"https:\/\/wp.me\/P7JYxQ-3xD","jetpack-related-posts":[],"jetpack_likes_enabled":true,"_links":{"self":[{"href":"https:\/\/www.my-olympe.com\/index.php\/wp-json\/wp\/v2\/pages\/13617","targetHints":{"allow":["GET"]}}],"collection":[{"href":"https:\/\/www.my-olympe.com\/index.php\/wp-json\/wp\/v2\/pages"}],"about":[{"href":"https:\/\/www.my-olympe.com\/index.php\/wp-json\/wp\/v2\/types\/page"}],"author":[{"embeddable":true,"href":"https:\/\/www.my-olympe.com\/index.php\/wp-json\/wp\/v2\/users\/1"}],"replies":[{"embeddable":true,"href":"https:\/\/www.my-olympe.com\/index.php\/wp-json\/wp\/v2\/comments?post=13617"}],"version-history":[{"count":14,"href":"https:\/\/www.my-olympe.com\/index.php\/wp-json\/wp\/v2\/pages\/13617\/revisions"}],"predecessor-version":[{"id":13683,"href":"https:\/\/www.my-olympe.com\/index.php\/wp-json\/wp\/v2\/pages\/13617\/revisions\/13683"}],"wp:attachment":[{"href":"https:\/\/www.my-olympe.com\/index.php\/wp-json\/wp\/v2\/media?parent=13617"}],"curies":[{"name":"wp","href":"https:\/\/api.w.org\/{rel}","templated":true}]}}