{"id":1760,"date":"2013-09-30T22:52:15","date_gmt":"2013-09-30T20:52:15","guid":{"rendered":"http:\/\/my-olympe.com\/?page_id=1760"},"modified":"2020-06-17T08:28:32","modified_gmt":"2020-06-17T07:28:32","slug":"he3s-affichage-de-consommations","status":"publish","type":"page","link":"https:\/\/www.my-olympe.com\/index.php\/he3s-affichage-de-consommations\/","title":{"rendered":"HE3S : affichage de consommations"},"content":{"rendered":"\n[et_pb_section][et_pb_row][et_pb_column type=\u00a0\u00bb4_4&Prime;][et_pb_text]&nbsp;\n<h1 align=\"center\"><\/h1>\n<h1 align=\"center\"><b><i>HE3S<\/i><\/b><\/h1>\n<h3 align=\"center\"><\/h3>\n<h3 align=\"center\"><i>\u201cHome Energy Saving Smart System\u201d<\/i><\/h3>\n<i>&nbsp;<\/i>\n\n&nbsp;\n\n<b><span style=\"text-decoration: underline;\">Objet<\/span><\/b>&nbsp;: HE3S est un Syst\u00e8me de supervision des consommations \u00e9nerg\u00e9tiques (+ eau et gaz) compatible RT2012 avec stockage des donn\u00e9es et reporting par affichage de nombreux graphiques. Il fonctionne en temps r\u00e9el et permet l\u2019export des donn\u00e9es et des graphiques pour une \u00e9tude sous le logiciel de son choix.\n\n&nbsp;\n<h4>Quelques options possibles :<\/h4>\n&nbsp;\n\n&#8211; Station m\u00e9t\u00e9o\n\n&#8211; Luminaires avec d\u00e9tecteurs automatiques\n\n&#8211; Temp\u00e9rature des panneaux solaires\n\n&#8211; Suivi et action sur les syst\u00e8mes de ventilation\n\n&#8211; Mesure de la qualit\u00e9 de l&rsquo;air&#8230;etc.\n\n&nbsp;\n<h4>Avantages de la solution HE3S<\/h4>\n&#8211; Affichage des p\u00e9riodes tarifaires et identification des diff\u00e9rents prix. &#8211; HE3S effectue des comparaisons entre dates (identification des \u00e9conomies et des r\u00e9sultats r\u00e9alis\u00e9s). &#8211; La calculatrice d\u00e9termine des co\u00fbts sur une p\u00e9riode pour une v\u00e9rification de ses factures \u00e9nerg\u00e9tiques. &#8211; Sensibilisation de vos proches aux \u00e9conomies d\u2019\u00e9nergie\n<div>&#8211; Interface visualisable sans abonnement via navigateur web sur tous supports, sur place ou \u00e0 distance ( sous r\u00e9serve d\u2019avoir une connexion Internet active)<\/div>\n&#8211; Identification des anomalies (fuites d\u2019eau, pertes de production \u2026 etc.).\n<div>&#8211; Export des donn\u00e9es de l\u2019ensemble des donn\u00e9es sous format csv et des graphiques sous format jpg.<\/div>\n&nbsp;\n\n&nbsp;\n<p align=\"center\"><b>Page d\u2019Accueil<\/b>&nbsp;: affichage des compteurs de consommation et production (si photovolta\u00efque install\u00e9)&nbsp; en temps r\u00e9el<\/p>\n<p align=\"center\"><a href=\"https:\/\/i0.wp.com\/www.my-olympe.com\/wp-content\/uploads\/2013\/09\/HE3S_1.jpg\"><img data-recalc-dims=\"1\" loading=\"lazy\" decoding=\"async\" src=\"https:\/\/i0.wp.com\/www.my-olympe.com\/wp-content\/uploads\/2013\/09\/HE3S_1.jpg?resize=600%2C382\" alt=\"HE3S_1\" width=\"600\" height=\"382\"><\/a><\/p>\n<span style=\"text-decoration: underline;\">&nbsp;<\/span>\n\n&nbsp;\n<h2>HE3S a une tarification simple, sans options cach\u00e9es, ni surprise&nbsp;!<\/h2>\n&nbsp;\n<h4><span style=\"text-decoration: underline;\">Principes<\/span><\/h4>\n\u2022 HE3S n\u2019a <strong>pas de forfait d\u2019h\u00e9bergement ni de licence d\u2019exploitation<\/strong>.\n\n\u2022&nbsp;Les <strong>donn\u00e9es<\/strong> r\u00e9colt\u00e9es sont <strong>votre propri\u00e9t\u00e9<\/strong> et sont <strong>h\u00e9berg\u00e9es chez vous sur un PC basse consommation<\/strong> (5-10 W).\n\n\u2022&nbsp;Les donn\u00e9es et graphiques g\u00e9n\u00e9r\u00e9s sont \u00e9galement <strong>exportables facilement<\/strong> pour \u00e9tude sous une application tierce (Microsoft Excel par exemple).\n\n\u2022&nbsp;L\u2019Application HE3S est accessible en monoposte ou sur l\u2019ensemble de votre r\u00e9seau informatique (tablettes, PCs\u2026 etc.).\n\n&nbsp;\n\n&nbsp;\n<h2 style=\"text-align: left;\">Bandeau de Navigation<\/h2>\n<p style=\"text-align: center;\"><a href=\"https:\/\/i0.wp.com\/www.my-olympe.com\/wp-content\/uploads\/2013\/09\/HE3S_2.jpg\"><img data-recalc-dims=\"1\" loading=\"lazy\" decoding=\"async\" class=\"aligncenter\" src=\"https:\/\/i0.wp.com\/www.my-olympe.com\/wp-content\/uploads\/2013\/09\/HE3S_2.jpg?resize=529%2C213\" alt=\"HE3S_2\" width=\"529\" height=\"213\"><\/a><\/p>\n<span style=\"text-decoration: underline;\">&nbsp;<\/span>\n\n&nbsp;\n<h2><b><span style=\"text-decoration: underline;\">Autre onglets de la page d\u2019accueil<\/span><\/b><\/h2>\n&nbsp;\n<table border=\"1\" cellspacing=\"0\" cellpadding=\"0\">\n<tbody>\n<tr>\n<td width=\"350\">&nbsp;<a href=\"https:\/\/i0.wp.com\/www.my-olympe.com\/wp-content\/uploads\/2013\/09\/HE3S_3.jpg\"><img data-recalc-dims=\"1\" loading=\"lazy\" decoding=\"async\" src=\"https:\/\/i0.wp.com\/www.my-olympe.com\/wp-content\/uploads\/2013\/09\/HE3S_3.jpg?resize=340%2C301\" alt=\"HE3S_3\" width=\"340\" height=\"301\"><\/a><\/td>\n<td style=\"text-align: center;\" width=\"350\">Affichage de courbe de Gauss de Production<\/td>\n<\/tr>\n<tr>\n<td width=\"350\">\n<p align=\"center\">Affichage de l\u2019estimation de consommation par rapport \u00e0 une courbe th\u00e9orique<\/p>\n<\/td>\n<td width=\"350\">&nbsp;<a href=\"https:\/\/i0.wp.com\/www.my-olympe.com\/wp-content\/uploads\/2013\/09\/HE3S_4.jpg\"><img data-recalc-dims=\"1\" loading=\"lazy\" decoding=\"async\" src=\"https:\/\/i0.wp.com\/www.my-olympe.com\/wp-content\/uploads\/2013\/09\/HE3S_4.jpg?resize=344%2C301\" alt=\"HE3S_4\" width=\"344\" height=\"301\"><\/a><\/td>\n<\/tr>\n<tr>\n<td width=\"350\">&nbsp;<a href=\"https:\/\/i0.wp.com\/www.my-olympe.com\/wp-content\/uploads\/2013\/09\/HE3S_5.jpg\"><img data-recalc-dims=\"1\" loading=\"lazy\" decoding=\"async\" src=\"https:\/\/i0.wp.com\/www.my-olympe.com\/wp-content\/uploads\/2013\/09\/HE3S_5.jpg?resize=344%2C301\" alt=\"HE3S_5\" width=\"344\" height=\"301\"><\/a><\/td>\n<td width=\"350\">\n<p align=\"center\">Affichage des donn\u00e9es m\u00e9t\u00e9o et capteurs de Temp\u00e9rature (interne et externe)<\/p>\n<\/td>\n<\/tr>\n<\/tbody>\n<\/table>\n<span style=\"text-decoration: underline;\">&nbsp;<\/span>\n\n&nbsp;\n\nDe nombreux autres graphiques personnalisables sont disponibles sur HE3S ainsi que des outils de calcul et alertes sur les consommations \u00e9nerg\u00e9tiques.&nbsp;Pour plus d&rsquo;informations &nbsp;: tarifs et options, <a title=\"Page contact site My Olympe\" href=\"http:\/\/www.my-olympe.com\/?page_id=489\">contactez-nous !<\/a>[\/et_pb_text][\/et_pb_column][\/et_pb_row][\/et_pb_section]\n","protected":false},"excerpt":{"rendered":"","protected":false},"author":1,"featured_media":0,"parent":0,"menu_order":0,"comment_status":"open","ping_status":"open","template":"","meta":{"_et_pb_use_builder":"on","_et_pb_old_content":"&nbsp;\n<h1 align=\"center\"><\/h1>\n<h1 align=\"center\"><b><i>HE3S<\/i><\/b><\/h1>\n<h3 align=\"center\"><\/h3>\n<h3 align=\"center\"><i>\u201cHome Energy Saving Smart System\u201d<\/i><\/h3>\n<i>&nbsp;<\/i>\n\n&nbsp;\n\n<b><span style=\"text-decoration: underline;\">Objet<\/span><\/b>&nbsp;: HE3S est un Syst\u00e8me de supervision des consommations \u00e9nerg\u00e9tiques (+ eau et gaz) compatible RT2012 avec stockage des donn\u00e9es et reporting par affichage de nombreux graphiques. Il fonctionne en temps r\u00e9el et permet l\u2019export des donn\u00e9es et des graphiques pour une \u00e9tude sous le logiciel de son choix.\n\n&nbsp;\n<h4>Quelques options possibles :<\/h4>\n&nbsp;\n\n- Station m\u00e9t\u00e9o\n\n- Luminaires avec d\u00e9tecteurs automatiques\n\n- Temp\u00e9rature des panneaux solaires\n\n- Suivi et action sur les syst\u00e8mes de ventilation\n\n- Mesure de la qualit\u00e9 de l'air...etc.\n\n&nbsp;\n<h4>Avantages de la solution HE3S<\/h4>\n- Affichage des p\u00e9riodes tarifaires et identification des diff\u00e9rents prix. - HE3S effectue des comparaisons entre dates (identification des \u00e9conomies et des r\u00e9sultats r\u00e9alis\u00e9s). - La calculatrice d\u00e9termine des co\u00fbts sur une p\u00e9riode pour une v\u00e9rification de ses factures \u00e9nerg\u00e9tiques. - Sensibilisation de vos proches aux \u00e9conomies d\u2019\u00e9nergie\n<div>- Interface visualisable sans abonnement via navigateur web sur tous supports, sur place ou \u00e0 distance ( sous r\u00e9serve d\u2019avoir une connexion Internet active)<\/div>\n- Identification des anomalies (fuites d\u2019eau, pertes de production \u2026 etc.).\n<div>- Export des donn\u00e9es de l\u2019ensemble des donn\u00e9es sous format csv et des graphiques sous format jpg.<\/div>\n&nbsp;\n\n&nbsp;\n<p align=\"center\"><b>Page d\u2019Accueil<\/b>&nbsp;: affichage des compteurs de consommation et production (si photovolta\u00efque install\u00e9)&nbsp; en temps r\u00e9el<\/p>\n<p align=\"center\"><a href=\"http:\/\/www.my-olympe.com\/wp-content\/uploads\/2013\/09\/HE3S_1.jpg\"><img src=\"http:\/\/www.my-olympe.com\/wp-content\/uploads\/2013\/09\/HE3S_1.jpg\" alt=\"HE3S_1\" width=\"600\" height=\"382\"><\/a><\/p>\n<span style=\"text-decoration: underline;\">&nbsp;<\/span>\n\n&nbsp;\n<h2>HE3S a une tarification simple, sans options cach\u00e9es, ni surprise&nbsp;!<\/h2>\n&nbsp;\n<h4><span style=\"text-decoration: underline;\">Principes<\/span><\/h4>\n\u2022 HE3S n\u2019a <strong>pas de forfait d\u2019h\u00e9bergement ni de licence d\u2019exploitation<\/strong>.\n\n\u2022&nbsp;Les <strong>donn\u00e9es<\/strong> r\u00e9colt\u00e9es sont <strong>votre propri\u00e9t\u00e9<\/strong> et sont <strong>h\u00e9berg\u00e9es chez vous sur un PC basse consommation<\/strong> (5-10 W).\n\n\u2022&nbsp;Les donn\u00e9es et graphiques g\u00e9n\u00e9r\u00e9s sont \u00e9galement <strong>exportables facilement<\/strong> pour \u00e9tude sous une application tierce (Microsoft Excel par exemple).\n\n\u2022&nbsp;L\u2019Application HE3S est accessible en monoposte ou sur l\u2019ensemble de votre r\u00e9seau informatique (tablettes, PCs\u2026 etc.).\n\n&nbsp;\n\n&nbsp;\n<h2 style=\"text-align: left;\">Bandeau de Navigation<\/h2>\n<p style=\"text-align: center;\"><a href=\"http:\/\/www.my-olympe.com\/wp-content\/uploads\/2013\/09\/HE3S_2.jpg\"><img class=\"aligncenter\" src=\"http:\/\/www.my-olympe.com\/wp-content\/uploads\/2013\/09\/HE3S_2.jpg\" alt=\"HE3S_2\" width=\"529\" height=\"213\"><\/a><\/p>\n<span style=\"text-decoration: underline;\">&nbsp;<\/span>\n\n&nbsp;\n<h2><b><span style=\"text-decoration: underline;\">Autre onglets de la page d\u2019accueil<\/span><\/b><\/h2>\n&nbsp;\n<table border=\"1\" cellspacing=\"0\" cellpadding=\"0\">\n<tbody>\n<tr>\n<td width=\"350\">&nbsp;<a href=\"http:\/\/www.my-olympe.com\/wp-content\/uploads\/2013\/09\/HE3S_3.jpg\"><img src=\"http:\/\/www.my-olympe.com\/wp-content\/uploads\/2013\/09\/HE3S_3.jpg\" alt=\"HE3S_3\" width=\"340\" height=\"301\"><\/a><\/td>\n<td style=\"text-align: center;\" width=\"350\">Affichage de courbe de Gauss de Production<\/td>\n<\/tr>\n<tr>\n<td width=\"350\">\n<p align=\"center\">Affichage de l\u2019estimation de consommation par rapport \u00e0 une courbe th\u00e9orique<\/p>\n<\/td>\n<td width=\"350\">&nbsp;<a href=\"http:\/\/www.my-olympe.com\/wp-content\/uploads\/2013\/09\/HE3S_4.jpg\"><img src=\"http:\/\/www.my-olympe.com\/wp-content\/uploads\/2013\/09\/HE3S_4.jpg\" alt=\"HE3S_4\" width=\"344\" height=\"301\"><\/a><\/td>\n<\/tr>\n<tr>\n<td width=\"350\">&nbsp;<a href=\"http:\/\/www.my-olympe.com\/wp-content\/uploads\/2013\/09\/HE3S_5.jpg\"><img src=\"http:\/\/www.my-olympe.com\/wp-content\/uploads\/2013\/09\/HE3S_5.jpg\" alt=\"HE3S_5\" width=\"344\" height=\"301\"><\/a><\/td>\n<td width=\"350\">\n<p align=\"center\">Affichage des donn\u00e9es m\u00e9t\u00e9o et capteurs de Temp\u00e9rature (interne et externe)<\/p>\n<\/td>\n<\/tr>\n<\/tbody>\n<\/table>\n<span style=\"text-decoration: underline;\">&nbsp;<\/span>\n\n&nbsp;\n\nDe nombreux autres graphiques personnalisables sont disponibles sur HE3S ainsi que des outils de calcul et alertes sur les consommations \u00e9nerg\u00e9tiques.&nbsp;Pour plus d'informations &nbsp;: tarifs et options, <a title=\"Page contact site My Olympe\" href=\"http:\/\/www.my-olympe.com\/?page_id=489\">contactez-nous !<\/a>","jetpack_post_was_ever_published":false,"footnotes":""},"class_list":["post-1760","page","type-page","status-publish","hentry"],"yoast_head":"<!-- This site is optimized with the Yoast SEO plugin v27.4 - https:\/\/yoast.com\/product\/yoast-seo-wordpress\/ -->\n<title>HE3S : affichage de consommations - MY OLYMPE<\/title>\n<meta name=\"robots\" content=\"index, follow, max-snippet:-1, max-image-preview:large, max-video-preview:-1\" \/>\n<link rel=\"canonical\" href=\"https:\/\/www.my-olympe.com\/index.php\/he3s-affichage-de-consommations\/\" \/>\n<meta property=\"og:locale\" content=\"fr_FR\" \/>\n<meta property=\"og:type\" content=\"article\" \/>\n<meta property=\"og:title\" content=\"HE3S : affichage de consommations - MY OLYMPE\" \/>\n<meta property=\"og:url\" content=\"https:\/\/www.my-olympe.com\/index.php\/he3s-affichage-de-consommations\/\" \/>\n<meta property=\"og:site_name\" content=\"MY OLYMPE\" \/>\n<meta property=\"article:publisher\" content=\"https:\/\/www.facebook.com\/MyOlympe\/\" \/>\n<meta property=\"article:modified_time\" content=\"2020-06-17T07:28:32+00:00\" \/>\n<meta property=\"og:image\" content=\"http:\/\/www.my-olympe.com\/wp-content\/uploads\/2013\/09\/HE3S_1.jpg\" \/>\n<meta name=\"twitter:card\" content=\"summary_large_image\" \/>\n<meta name=\"twitter:site\" content=\"@myolympe\" \/>\n<meta name=\"twitter:label1\" content=\"Dur\u00e9e de lecture estim\u00e9e\" \/>\n\t<meta name=\"twitter:data1\" content=\"2 minutes\" \/>\n<script type=\"application\/ld+json\" class=\"yoast-schema-graph\">{\"@context\":\"https:\\\/\\\/schema.org\",\"@graph\":[{\"@type\":\"WebPage\",\"@id\":\"https:\\\/\\\/www.my-olympe.com\\\/index.php\\\/he3s-affichage-de-consommations\\\/\",\"url\":\"https:\\\/\\\/www.my-olympe.com\\\/index.php\\\/he3s-affichage-de-consommations\\\/\",\"name\":\"HE3S : affichage de consommations - MY OLYMPE\",\"isPartOf\":{\"@id\":\"https:\\\/\\\/www.my-olympe.com\\\/#website\"},\"primaryImageOfPage\":{\"@id\":\"https:\\\/\\\/www.my-olympe.com\\\/index.php\\\/he3s-affichage-de-consommations\\\/#primaryimage\"},\"image\":{\"@id\":\"https:\\\/\\\/www.my-olympe.com\\\/index.php\\\/he3s-affichage-de-consommations\\\/#primaryimage\"},\"thumbnailUrl\":\"http:\\\/\\\/www.my-olympe.com\\\/wp-content\\\/uploads\\\/2013\\\/09\\\/HE3S_1.jpg\",\"datePublished\":\"2013-09-30T20:52:15+00:00\",\"dateModified\":\"2020-06-17T07:28:32+00:00\",\"breadcrumb\":{\"@id\":\"https:\\\/\\\/www.my-olympe.com\\\/index.php\\\/he3s-affichage-de-consommations\\\/#breadcrumb\"},\"inLanguage\":\"fr-FR\",\"potentialAction\":[{\"@type\":\"ReadAction\",\"target\":[\"https:\\\/\\\/www.my-olympe.com\\\/index.php\\\/he3s-affichage-de-consommations\\\/\"]}]},{\"@type\":\"ImageObject\",\"inLanguage\":\"fr-FR\",\"@id\":\"https:\\\/\\\/www.my-olympe.com\\\/index.php\\\/he3s-affichage-de-consommations\\\/#primaryimage\",\"url\":\"http:\\\/\\\/www.my-olympe.com\\\/wp-content\\\/uploads\\\/2013\\\/09\\\/HE3S_1.jpg\",\"contentUrl\":\"http:\\\/\\\/www.my-olympe.com\\\/wp-content\\\/uploads\\\/2013\\\/09\\\/HE3S_1.jpg\"},{\"@type\":\"BreadcrumbList\",\"@id\":\"https:\\\/\\\/www.my-olympe.com\\\/index.php\\\/he3s-affichage-de-consommations\\\/#breadcrumb\",\"itemListElement\":[{\"@type\":\"ListItem\",\"position\":1,\"name\":\"Accueil\",\"item\":\"https:\\\/\\\/www.my-olympe.com\\\/\"},{\"@type\":\"ListItem\",\"position\":2,\"name\":\"HE3S : affichage de consommations\"}]},{\"@type\":\"WebSite\",\"@id\":\"https:\\\/\\\/www.my-olympe.com\\\/#website\",\"url\":\"https:\\\/\\\/www.my-olympe.com\\\/\",\"name\":\"MY OLYMPE\",\"description\":\"Smart Building &amp; Solutions Connect\u00e9es\",\"potentialAction\":[{\"@type\":\"SearchAction\",\"target\":{\"@type\":\"EntryPoint\",\"urlTemplate\":\"https:\\\/\\\/www.my-olympe.com\\\/?s={search_term_string}\"},\"query-input\":{\"@type\":\"PropertyValueSpecification\",\"valueRequired\":true,\"valueName\":\"search_term_string\"}}],\"inLanguage\":\"fr-FR\"}]}<\/script>\n<!-- \/ Yoast SEO plugin. -->","yoast_head_json":{"title":"HE3S : affichage de consommations - MY OLYMPE","robots":{"index":"index","follow":"follow","max-snippet":"max-snippet:-1","max-image-preview":"max-image-preview:large","max-video-preview":"max-video-preview:-1"},"canonical":"https:\/\/www.my-olympe.com\/index.php\/he3s-affichage-de-consommations\/","og_locale":"fr_FR","og_type":"article","og_title":"HE3S : affichage de consommations - MY OLYMPE","og_url":"https:\/\/www.my-olympe.com\/index.php\/he3s-affichage-de-consommations\/","og_site_name":"MY OLYMPE","article_publisher":"https:\/\/www.facebook.com\/MyOlympe\/","article_modified_time":"2020-06-17T07:28:32+00:00","og_image":[{"url":"http:\/\/www.my-olympe.com\/wp-content\/uploads\/2013\/09\/HE3S_1.jpg","type":"","width":"","height":""}],"twitter_card":"summary_large_image","twitter_site":"@myolympe","twitter_misc":{"Dur\u00e9e de lecture estim\u00e9e":"2 minutes"},"schema":{"@context":"https:\/\/schema.org","@graph":[{"@type":"WebPage","@id":"https:\/\/www.my-olympe.com\/index.php\/he3s-affichage-de-consommations\/","url":"https:\/\/www.my-olympe.com\/index.php\/he3s-affichage-de-consommations\/","name":"HE3S : affichage de consommations - MY OLYMPE","isPartOf":{"@id":"https:\/\/www.my-olympe.com\/#website"},"primaryImageOfPage":{"@id":"https:\/\/www.my-olympe.com\/index.php\/he3s-affichage-de-consommations\/#primaryimage"},"image":{"@id":"https:\/\/www.my-olympe.com\/index.php\/he3s-affichage-de-consommations\/#primaryimage"},"thumbnailUrl":"http:\/\/www.my-olympe.com\/wp-content\/uploads\/2013\/09\/HE3S_1.jpg","datePublished":"2013-09-30T20:52:15+00:00","dateModified":"2020-06-17T07:28:32+00:00","breadcrumb":{"@id":"https:\/\/www.my-olympe.com\/index.php\/he3s-affichage-de-consommations\/#breadcrumb"},"inLanguage":"fr-FR","potentialAction":[{"@type":"ReadAction","target":["https:\/\/www.my-olympe.com\/index.php\/he3s-affichage-de-consommations\/"]}]},{"@type":"ImageObject","inLanguage":"fr-FR","@id":"https:\/\/www.my-olympe.com\/index.php\/he3s-affichage-de-consommations\/#primaryimage","url":"http:\/\/www.my-olympe.com\/wp-content\/uploads\/2013\/09\/HE3S_1.jpg","contentUrl":"http:\/\/www.my-olympe.com\/wp-content\/uploads\/2013\/09\/HE3S_1.jpg"},{"@type":"BreadcrumbList","@id":"https:\/\/www.my-olympe.com\/index.php\/he3s-affichage-de-consommations\/#breadcrumb","itemListElement":[{"@type":"ListItem","position":1,"name":"Accueil","item":"https:\/\/www.my-olympe.com\/"},{"@type":"ListItem","position":2,"name":"HE3S : affichage de consommations"}]},{"@type":"WebSite","@id":"https:\/\/www.my-olympe.com\/#website","url":"https:\/\/www.my-olympe.com\/","name":"MY OLYMPE","description":"Smart Building &amp; Solutions Connect\u00e9es","potentialAction":[{"@type":"SearchAction","target":{"@type":"EntryPoint","urlTemplate":"https:\/\/www.my-olympe.com\/?s={search_term_string}"},"query-input":{"@type":"PropertyValueSpecification","valueRequired":true,"valueName":"search_term_string"}}],"inLanguage":"fr-FR"}]}},"jetpack_sharing_enabled":true,"jetpack_shortlink":"https:\/\/wp.me\/P7JYxQ-so","jetpack-related-posts":[],"jetpack_likes_enabled":true,"_links":{"self":[{"href":"https:\/\/www.my-olympe.com\/index.php\/wp-json\/wp\/v2\/pages\/1760","targetHints":{"allow":["GET"]}}],"collection":[{"href":"https:\/\/www.my-olympe.com\/index.php\/wp-json\/wp\/v2\/pages"}],"about":[{"href":"https:\/\/www.my-olympe.com\/index.php\/wp-json\/wp\/v2\/types\/page"}],"author":[{"embeddable":true,"href":"https:\/\/www.my-olympe.com\/index.php\/wp-json\/wp\/v2\/users\/1"}],"replies":[{"embeddable":true,"href":"https:\/\/www.my-olympe.com\/index.php\/wp-json\/wp\/v2\/comments?post=1760"}],"version-history":[{"count":2,"href":"https:\/\/www.my-olympe.com\/index.php\/wp-json\/wp\/v2\/pages\/1760\/revisions"}],"predecessor-version":[{"id":13526,"href":"https:\/\/www.my-olympe.com\/index.php\/wp-json\/wp\/v2\/pages\/1760\/revisions\/13526"}],"wp:attachment":[{"href":"https:\/\/www.my-olympe.com\/index.php\/wp-json\/wp\/v2\/media?parent=1760"}],"curies":[{"name":"wp","href":"https:\/\/api.w.org\/{rel}","templated":true}]}}