{"id":332,"date":"2016-05-17T13:45:32","date_gmt":"2016-05-17T12:45:32","guid":{"rendered":"http:\/\/my-olympe.net\/?page_id=332"},"modified":"2020-06-17T14:12:54","modified_gmt":"2020-06-17T13:12:54","slug":"silver-eco","status":"publish","type":"page","link":"https:\/\/www.my-olympe.com\/index.php\/silver-eco\/","title":{"rendered":"Silver Eco"},"content":{"rendered":"<p>[et_pb_section fb_built=\u00a0\u00bb1&Prime; admin_label=\u00a0\u00bbsection\u00a0\u00bb _builder_version=\u00a0\u00bb3.22&Prime;][et_pb_row _builder_version=\u00a0\u00bb3.26.6&Prime;][et_pb_column type=\u00a0\u00bb4_4&Prime; _builder_version=\u00a0\u00bb3.26.6&Prime;][et_pb_text _builder_version=\u00a0\u00bb3.26.6&Prime; text_font_size=\u00a0\u00bb49px\u00a0\u00bb text_letter_spacing=\u00a0\u00bb16px\u00a0\u00bb text_line_height=\u00a0\u00bb2em\u00a0\u00bb transform_scale=\u00a0\u00bb99%|100%\u00a0\u00bb transform_scale_linked=\u00a0\u00bboff\u00a0\u00bb transform_translate=\u00a0\u00bb241px|-30px\u00a0\u00bb transform_translate_linked=\u00a0\u00bboff\u00a0\u00bb text_orientation=\u00a0\u00bbright\u00a0\u00bb custom_margin=\u00a0\u00bb-11px|||-295px||\u00a0\u00bb custom_padding=\u00a0\u00bb3px|96px||284px||\u00a0\u00bb]<\/p>\n<p style=\"text-align: left;\"><strong>Silver Economie<\/strong><\/p>\n<p>[\/et_pb_text][\/et_pb_column][\/et_pb_row][et_pb_row column_structure=\u00a0\u00bb1_2,1_2&Prime; _builder_version=\u00a0\u00bb3.26.6&Prime; width=\u00a0\u00bb93.2%\u00a0\u00bb min_height=\u00a0\u00bb409px\u00a0\u00bb custom_margin=\u00a0\u00bb49px|auto|-347px|650px||\u00a0\u00bb custom_padding=\u00a0\u00bb||0px|0px||\u00a0\u00bb][et_pb_column type=\u00a0\u00bb1_2&Prime; _builder_version=\u00a0\u00bb3.26.6&Prime;][et_pb_text _builder_version=\u00a0\u00bb3.26.6&Prime; text_text_align=\u00a0\u00bbleft\u00a0\u00bb transform_translate=\u00a0\u00bb244px|16px\u00a0\u00bb transform_translate_linked=\u00a0\u00bboff\u00a0\u00bb custom_margin=\u00a0\u00bb|96px||-186px||\u00a0\u00bb custom_padding=\u00a0\u00bb|0px||||\u00a0\u00bb]<\/p>\n<p style=\"text-align: left;\">Les solutions \u00ab\u00a0Smart\u00a0\u00bb sont essentielles lors de projets de construction ou r\u00e9novations de logements ou habitats destin\u00e9s aux Seniors.<\/p>\n<p>Comme pout tout b\u00e2timent, la domotique et les solutions technologiques permettent un gain en ma\u00eetrise de l&rsquo;\u00e9nergie, mais aussi et surtout confort et s\u00e9curit\u00e9.<\/p>\n<p>On retrouve \u00e0 partir du confort tout le pilotage possible par t\u00e9l\u00e9commande sp\u00e9cifique ou t\u00e9l\u00e9th\u00e8se, SmartPhone ou tablette. Pour la s\u00e9curit\u00e9, de nombreux dispositifs r\u00e9serv\u00e9s aux seniors et au grand \u00e2ge sont int\u00e9grables : d\u00e9tection de chute ou de fugue, appel d&rsquo;urgence ou malade, t\u00e9l\u00e9-assistance&#8230; etc.<\/p>\n<p>Que l&rsquo;on se place au niveau du domicile ou de l&rsquo;habitat partag\u00e9, MY OLYMPE met \u00e0 la disposition des occupants et des exploitants (ou aidants), des solutions domotiques connect\u00e9es \u00e0 la t\u00e9l\u00e9phonie, aux produits technos \u00ab\u00a0Silver\u00a0\u00bb et \u00e0 la supervision du b\u00e2timent.[\/et_pb_text][\/et_pb_column][et_pb_column type=\u00a0\u00bb1_2&Prime; _builder_version=\u00a0\u00bb3.26.6&Prime;][et_pb_image src=\u00a0\u00bbhttps:\/\/www.my-olympe.com\/wp-content\/uploads\/2018\/02\/Sans-titre-1.png\u00a0\u00bb _builder_version=\u00a0\u00bb3.26.6&Prime; custom_margin=\u00a0\u00bb-77px|||||\u00a0\u00bb custom_padding=\u00a0\u00bb|||119px||\u00a0\u00bb][\/et_pb_image][\/et_pb_column][\/et_pb_row][et_pb_row column_structure=\u00a0\u00bb1_2,1_2&Prime; _builder_version=\u00a0\u00bb3.26.6&Prime; custom_margin=\u00a0\u00bb|650px||304px||\u00a0\u00bb][et_pb_column type=\u00a0\u00bb1_2&Prime; _builder_version=\u00a0\u00bb3.26.6&Prime;][\/et_pb_column][et_pb_column type=\u00a0\u00bb1_2&Prime; _builder_version=\u00a0\u00bb3.26.6&Prime;][\/et_pb_column][\/et_pb_row][et_pb_row column_structure=\u00a0\u00bb1_2,1_2&Prime; _builder_version=\u00a0\u00bb3.26.6&Prime;][et_pb_column type=\u00a0\u00bb1_2&Prime; _builder_version=\u00a0\u00bb3.26.6&Prime;][et_pb_text _builder_version=\u00a0\u00bb3.26.6&Prime;]MY OLYMPE a \u00e9t\u00e9 prim\u00e9e pour ses travaux de recherche et ses d\u00e9veloppements concernant le secteur de la Silver Economie :<\/p>\n<p style=\"text-align: center;\">\n<p>[\/et_pb_text][\/et_pb_column][et_pb_column type=\u00a0\u00bb1_2&Prime; _builder_version=\u00a0\u00bb3.26.6&Prime;][et_pb_text _builder_version=\u00a0\u00bb3.26.6&Prime;]Nous vous proposons de consulter les articles MY OLYMPE Laur\u00e9at du concours des start-ups innovantes de la SILVER ECO :[\/et_pb_text][\/et_pb_column][\/et_pb_row][et_pb_row column_structure=\u00a0\u00bb1_2,1_2&Prime; _builder_version=\u00a0\u00bb3.26.6&Prime; transform_translate=\u00a0\u00bb-22px|-27px\u00a0\u00bb transform_origin=\u00a0\u00bb50%|0%\u00a0\u00bb][et_pb_column type=\u00a0\u00bb1_2&Prime; _builder_version=\u00a0\u00bb3.26.6&Prime;][et_pb_cta title=\u00a0\u00bbLes troph\u00e9es de la SilverEco 2016 : votez !\u00a0\u00bb button_url=\u00a0\u00bbhttps:\/\/www.my-olympe.com\/index.php\/2016\/03\/18\/les-trophees-de-la-silvereco-20116-votez\/?preview_id=2521&#038;preview_nonce=11afd5d181&#038;preview=true&#038;_thumbnail_id=12805&Prime; button_text=\u00a0\u00bbClics\u00a0\u00bb _builder_version=\u00a0\u00bb3.26.6&Prime; border_radii=\u00a0\u00bbon|10px|10px|10px|10px\u00a0\u00bb transform_scale=\u00a0\u00bb84%|84%\u00a0\u00bb transform_translate=\u00a0\u00bb-14px|-88px\u00a0\u00bb]<img data-recalc-dims=\"1\" loading=\"lazy\" decoding=\"async\" data-attachment-id=\"12805\" data-permalink=\"https:\/\/www.my-olympe.com\/index.php\/2016\/03\/18\/les-trophees-de-la-silvereco-20116-votez\/page_silvernight\/\" data-orig-file=\"https:\/\/i0.wp.com\/www.my-olympe.com\/wp-content\/uploads\/2016\/03\/page_SilverNight.jpg?fit=702%2C547&amp;ssl=1\" data-orig-size=\"702,547\" data-comments-opened=\"1\" data-image-meta=\"{&quot;aperture&quot;:&quot;0&quot;,&quot;credit&quot;:&quot;&quot;,&quot;camera&quot;:&quot;&quot;,&quot;caption&quot;:&quot;&quot;,&quot;created_timestamp&quot;:&quot;0&quot;,&quot;copyright&quot;:&quot;&quot;,&quot;focal_length&quot;:&quot;0&quot;,&quot;iso&quot;:&quot;0&quot;,&quot;shutter_speed&quot;:&quot;0&quot;,&quot;title&quot;:&quot;&quot;,&quot;orientation&quot;:&quot;0&quot;}\" data-image-title=\"page_SilverNight\" data-image-description=\"\" data-image-caption=\"\" data-large-file=\"https:\/\/i0.wp.com\/www.my-olympe.com\/wp-content\/uploads\/2016\/03\/page_SilverNight.jpg?fit=702%2C547&amp;ssl=1\" class=\"wp-image-12805 alignright size-full\" src=\"https:\/\/i0.wp.com\/www.my-olympe.com\/wp-content\/uploads\/2016\/03\/page_SilverNight.jpg?resize=702%2C547&#038;ssl=1\" alt=\"\" width=\"702\" height=\"547\" srcset=\"https:\/\/i0.wp.com\/www.my-olympe.com\/wp-content\/uploads\/2016\/03\/page_SilverNight.jpg?w=702&amp;ssl=1 702w, https:\/\/i0.wp.com\/www.my-olympe.com\/wp-content\/uploads\/2016\/03\/page_SilverNight.jpg?resize=300%2C234&amp;ssl=1 300w, https:\/\/i0.wp.com\/www.my-olympe.com\/wp-content\/uploads\/2016\/03\/page_SilverNight.jpg?resize=600%2C468&amp;ssl=1 600w\" sizes=\"auto, (max-width: 702px) 100vw, 702px\" \/>[\/et_pb_cta][\/et_pb_column][et_pb_column type=\u00a0\u00bb1_2&Prime; _builder_version=\u00a0\u00bb3.26.6&Prime;][et_pb_cta title=\u00a0\u00bbLes 3 laur\u00e9ats du concours de la ville de Bordeaux \u2013 Cilogis \u2013 EIH \u2013 Aliance Territoires\u2026\u00a0\u00bb button_url=\u00a0\u00bbhttps:\/\/www.my-olympe.com\/index.php\/2015\/09\/04\/les-3-laureats-du-concours-de-la-ville-de-bordeaux-cilogis-eih-aliance-territoires\/\u00a0\u00bb url_new_window=\u00a0\u00bbon\u00a0\u00bb button_text=\u00a0\u00bbClics\u00a0\u00bb _builder_version=\u00a0\u00bb3.26.6&Prime; border_radii=\u00a0\u00bbon|10px|10px|10px|10px\u00a0\u00bb custom_button=\u00a0\u00bbon\u00a0\u00bb button_icon=\u00a0\u00bb%%30%%\u00a0\u00bb button_alignment=\u00a0\u00bbcenter\u00a0\u00bb transform_scale=\u00a0\u00bb88%|88%\u00a0\u00bb transform_translate=\u00a0\u00bb0px|-2px\u00a0\u00bb transform_translate_linked=\u00a0\u00bboff\u00a0\u00bb transform_origin=\u00a0\u00bb50%|-50%\u00a0\u00bb width=\u00a0\u00bb100%\u00a0\u00bb max_width=\u00a0\u00bb100%\u00a0\u00bb max_height=\u00a0\u00bb1000px\u00a0\u00bb]<img data-recalc-dims=\"1\" loading=\"lazy\" decoding=\"async\" data-attachment-id=\"12818\" data-permalink=\"https:\/\/www.my-olympe.com\/index.php\/2015\/11\/01\/2nd-colloque-europeen-silver-economie-et-habitat-bordeaux-19-octobre-2015\/sans-titre2\/\" data-orig-file=\"https:\/\/i0.wp.com\/www.my-olympe.com\/wp-content\/uploads\/2015\/11\/Sans-titre2.jpg?fit=1081%2C660&amp;ssl=1\" data-orig-size=\"1081,660\" data-comments-opened=\"1\" data-image-meta=\"{&quot;aperture&quot;:&quot;0&quot;,&quot;credit&quot;:&quot;&quot;,&quot;camera&quot;:&quot;&quot;,&quot;caption&quot;:&quot;&quot;,&quot;created_timestamp&quot;:&quot;0&quot;,&quot;copyright&quot;:&quot;&quot;,&quot;focal_length&quot;:&quot;0&quot;,&quot;iso&quot;:&quot;0&quot;,&quot;shutter_speed&quot;:&quot;0&quot;,&quot;title&quot;:&quot;&quot;,&quot;orientation&quot;:&quot;0&quot;}\" data-image-title=\"Sans-titre2\" data-image-description=\"\" data-image-caption=\"\" data-large-file=\"https:\/\/i0.wp.com\/www.my-olympe.com\/wp-content\/uploads\/2015\/11\/Sans-titre2.jpg?fit=1024%2C625&amp;ssl=1\" class=\"wp-image-12818 alignright size-full\" src=\"https:\/\/i0.wp.com\/www.my-olympe.com\/wp-content\/uploads\/2015\/11\/Sans-titre2.jpg?resize=1080%2C659&#038;ssl=1\" alt=\"\" width=\"1080\" height=\"659\" srcset=\"https:\/\/i0.wp.com\/www.my-olympe.com\/wp-content\/uploads\/2015\/11\/Sans-titre2.jpg?w=1081&amp;ssl=1 1081w, https:\/\/i0.wp.com\/www.my-olympe.com\/wp-content\/uploads\/2015\/11\/Sans-titre2.jpg?resize=300%2C183&amp;ssl=1 300w, https:\/\/i0.wp.com\/www.my-olympe.com\/wp-content\/uploads\/2015\/11\/Sans-titre2.jpg?resize=768%2C469&amp;ssl=1 768w, https:\/\/i0.wp.com\/www.my-olympe.com\/wp-content\/uploads\/2015\/11\/Sans-titre2.jpg?resize=1024%2C625&amp;ssl=1 1024w, https:\/\/i0.wp.com\/www.my-olympe.com\/wp-content\/uploads\/2015\/11\/Sans-titre2.jpg?resize=600%2C366&amp;ssl=1 600w, https:\/\/i0.wp.com\/www.my-olympe.com\/wp-content\/uploads\/2015\/11\/Sans-titre2.jpg?resize=1080%2C659&amp;ssl=1 1080w\" sizes=\"auto, (max-width: 1080px) 100vw, 1080px\" \/>[\/et_pb_cta][\/et_pb_column][\/et_pb_row][\/et_pb_section]<\/p>\n","protected":false},"excerpt":{"rendered":"<p>[et_pb_section fb_built=\u00a0\u00bb1&Prime; admin_label=\u00a0\u00bbsection\u00a0\u00bb _builder_version=\u00a0\u00bb3.22&Prime;][et_pb_row _builder_version=\u00a0\u00bb3.26.6&Prime;][et_pb_column type=\u00a0\u00bb4_4&Prime; _builder_version=\u00a0\u00bb3.26.6&Prime;][et_pb_text _builder_version=\u00a0\u00bb3.26.6&Prime; text_font_size=\u00a0\u00bb49px\u00a0\u00bb text_letter_spacing=\u00a0\u00bb16px\u00a0\u00bb text_line_height=\u00a0\u00bb2em\u00a0\u00bb transform_scale=\u00a0\u00bb99%|100%\u00a0\u00bb transform_scale_linked=\u00a0\u00bboff\u00a0\u00bb transform_translate=\u00a0\u00bb241px|-30px\u00a0\u00bb transform_translate_linked=\u00a0\u00bboff\u00a0\u00bb text_orientation=\u00a0\u00bbright\u00a0\u00bb custom_margin=\u00a0\u00bb-11px|||-295px||\u00a0\u00bb custom_padding=\u00a0\u00bb3px|96px||284px||\u00a0\u00bb] Silver Economie [\/et_pb_text][\/et_pb_column][\/et_pb_row][et_pb_row column_structure=\u00a0\u00bb1_2,1_2&Prime; _builder_version=\u00a0\u00bb3.26.6&Prime; width=\u00a0\u00bb93.2%\u00a0\u00bb min_height=\u00a0\u00bb409px\u00a0\u00bb custom_margin=\u00a0\u00bb49px|auto|-347px|650px||\u00a0\u00bb custom_padding=\u00a0\u00bb||0px|0px||\u00a0\u00bb][et_pb_column type=\u00a0\u00bb1_2&Prime; _builder_version=\u00a0\u00bb3.26.6&Prime;][et_pb_text _builder_version=\u00a0\u00bb3.26.6&Prime; text_text_align=\u00a0\u00bbleft\u00a0\u00bb transform_translate=\u00a0\u00bb244px|16px\u00a0\u00bb transform_translate_linked=\u00a0\u00bboff\u00a0\u00bb custom_margin=\u00a0\u00bb|96px||-186px||\u00a0\u00bb custom_padding=\u00a0\u00bb|0px||||\u00a0\u00bb] Les solutions \u00ab\u00a0Smart\u00a0\u00bb sont essentielles lors de projets de construction ou r\u00e9novations de logements ou habitats destin\u00e9s aux Seniors. Comme [&hellip;]<\/p>\n","protected":false},"author":1,"featured_media":0,"parent":0,"menu_order":0,"comment_status":"closed","ping_status":"closed","template":"","meta":{"_et_pb_use_builder":"on","_et_pb_old_content":"<h2>... Silver &amp; CO !<\/h2>\r\nLes solutions \"<em><strong>Smart<\/strong><\/em>\" sont essentielles lors de projets de construction ou r\u00e9novations de logements ou habitats destin\u00e9s aux Seniors.\r\n\r\n<img class=\"wp-image-13143 alignright\" src=\"http:\/\/www.my-olympe.com\/wp-content\/uploads\/2018\/02\/Sans-titre-1.png\" alt=\"\" width=\"470\" height=\"486\" \/>\r\n\r\nComme pout tout b\u00e2timent, la <strong>domotique<\/strong> et les solutions technologiques permettent un gain en <strong>ma\u00eetrise de l'\u00e9nergie<\/strong>, mais aussi et surtout <strong>confort<\/strong> et <strong>s\u00e9curit\u00e9<\/strong>.\r\n\r\nOn retrouve \u00e0 partir du confort tout le <strong>pilotage<\/strong> possible par t\u00e9l\u00e9commande sp\u00e9cifique ou t\u00e9l\u00e9th\u00e8se, SmartPhone ou tablette. Pour la s\u00e9curit\u00e9, de nombreux dispositifs r\u00e9serv\u00e9s aux seniors et au grand \u00e2ge sont int\u00e9grables : d\u00e9tection de chute ou de fugue, appel d'urgence ou malade, t\u00e9l\u00e9-assistance... etc.\r\n\r\nQue l'on se place au niveau du domicile ou de l'habitat partag\u00e9, MY OLYMPE met \u00e0 la disposition des occupants et des exploitants (ou aidants), des solutions domotiques connect\u00e9es \u00e0 la t\u00e9l\u00e9phonie, aux produits technos \"Silver\" et \u00e0 la supervision du b\u00e2timent.\r\n\r\n&nbsp;\r\n\r\n&nbsp;\r\n\r\n&nbsp;\r\n\r\n&nbsp;\r\n\r\n&nbsp;\r\n\r\nMY OLYMPE a \u00e9t\u00e9 prim\u00e9e pour ses travaux de recherche et ses d\u00e9veloppements concernant le secteur de la <strong>Silver Economie<\/strong> :\r\n\r\nNous vous proposons de consulter les articles <strong>MY OLYMPE Laur\u00e9at du concours des start-ups innovantes de la SILVER ECO<\/strong> :\u00a0<a href=\"https:\/\/wp.me\/p7JYxQ-Ab\" target=\"_blank\" rel=\"noopener\">https:\/\/wp.me\/p7JYxQ-Ab<\/a>\u00a0<a href=\"https:\/\/wp.me\/p7JYxQ-zJ\" target=\"_blank\" rel=\"noopener\">https:\/\/wp.me\/p7JYxQ-zJ<\/a>\u00a0<a href=\"https:\/\/wp.me\/p7JYxQ-E7\" target=\"_blank\" rel=\"noopener\">https:\/\/wp.me\/p7JYxQ-E7<\/a>\r\n\r\nEt les articles mentionnant les travaux sur ce secteur :\u00a0\u00a0<a href=\"https:\/\/wp.me\/p7JYxQ-zT\" target=\"_blank\" rel=\"noopener\">R\u00e9sidence autonomie l'Arribet<\/a>,\u00a0<a href=\"https:\/\/wp.me\/p7JYxQ-3nr\" target=\"_blank\" rel=\"noopener\">Formation \"Silver chantier\"<\/a>,\u00a0<a href=\"https:\/\/wp.me\/p7JYxQ-3ny\" target=\"_blank\" rel=\"noopener\">Finaliste TROPH\u00c9ES B\u00c2TIMENT SANT\u00c9 2017<\/a>,\u00a0<a href=\"https:\/\/wp.me\/p7JYxQ-3os\" target=\"_blank\" rel=\"noopener\">Aide \u00e0 la Recherche et au D\u00e9veloppement (Maquette Semi-num\u00e9rique)<\/a>...\r\n\r\n&nbsp;\r\n\r\n&nbsp;\r\n\r\n&nbsp;","jetpack_post_was_ever_published":false,"footnotes":""},"class_list":["post-332","page","type-page","status-publish","hentry"],"yoast_head":"<!-- This site is optimized with the Yoast SEO plugin v27.4 - https:\/\/yoast.com\/product\/yoast-seo-wordpress\/ -->\n<title>Silver Eco - MY OLYMPE<\/title>\n<meta name=\"robots\" content=\"index, follow, max-snippet:-1, max-image-preview:large, max-video-preview:-1\" \/>\n<link rel=\"canonical\" href=\"https:\/\/www.my-olympe.com\/index.php\/silver-eco\/\" \/>\n<meta property=\"og:locale\" content=\"fr_FR\" \/>\n<meta property=\"og:type\" content=\"article\" \/>\n<meta property=\"og:title\" content=\"Silver Eco - MY OLYMPE\" \/>\n<meta property=\"og:description\" content=\"[et_pb_section fb_built=\u00a0\u00bb1&Prime; admin_label=\u00a0\u00bbsection\u00a0\u00bb _builder_version=\u00a0\u00bb3.22&Prime;][et_pb_row _builder_version=\u00a0\u00bb3.26.6&Prime;][et_pb_column type=\u00a0\u00bb4_4&Prime; _builder_version=\u00a0\u00bb3.26.6&Prime;][et_pb_text _builder_version=\u00a0\u00bb3.26.6&Prime; text_font_size=\u00a0\u00bb49px\u00a0\u00bb text_letter_spacing=\u00a0\u00bb16px\u00a0\u00bb text_line_height=\u00a0\u00bb2em\u00a0\u00bb transform_scale=\u00a0\u00bb99%|100%\u00a0\u00bb transform_scale_linked=\u00a0\u00bboff\u00a0\u00bb transform_translate=\u00a0\u00bb241px|-30px\u00a0\u00bb transform_translate_linked=\u00a0\u00bboff\u00a0\u00bb text_orientation=\u00a0\u00bbright\u00a0\u00bb custom_margin=\u00a0\u00bb-11px|||-295px||\u00a0\u00bb custom_padding=\u00a0\u00bb3px|96px||284px||\u00a0\u00bb] Silver Economie [\/et_pb_text][\/et_pb_column][\/et_pb_row][et_pb_row column_structure=\u00a0\u00bb1_2,1_2&Prime; _builder_version=\u00a0\u00bb3.26.6&Prime; width=\u00a0\u00bb93.2%\u00a0\u00bb min_height=\u00a0\u00bb409px\u00a0\u00bb custom_margin=\u00a0\u00bb49px|auto|-347px|650px||\u00a0\u00bb custom_padding=\u00a0\u00bb||0px|0px||\u00a0\u00bb][et_pb_column type=\u00a0\u00bb1_2&Prime; _builder_version=\u00a0\u00bb3.26.6&Prime;][et_pb_text _builder_version=\u00a0\u00bb3.26.6&Prime; text_text_align=\u00a0\u00bbleft\u00a0\u00bb transform_translate=\u00a0\u00bb244px|16px\u00a0\u00bb transform_translate_linked=\u00a0\u00bboff\u00a0\u00bb custom_margin=\u00a0\u00bb|96px||-186px||\u00a0\u00bb custom_padding=\u00a0\u00bb|0px||||\u00a0\u00bb] Les solutions \u00ab\u00a0Smart\u00a0\u00bb sont essentielles lors de projets de construction ou r\u00e9novations de logements ou habitats destin\u00e9s aux Seniors. Comme [&hellip;]\" \/>\n<meta property=\"og:url\" content=\"https:\/\/www.my-olympe.com\/index.php\/silver-eco\/\" \/>\n<meta property=\"og:site_name\" content=\"MY OLYMPE\" \/>\n<meta property=\"article:publisher\" content=\"https:\/\/www.facebook.com\/MyOlympe\/\" \/>\n<meta property=\"article:modified_time\" content=\"2020-06-17T13:12:54+00:00\" \/>\n<meta property=\"og:image\" content=\"https:\/\/www.my-olympe.com\/wp-content\/uploads\/2016\/03\/page_SilverNight.jpg\" \/>\n<meta name=\"twitter:card\" content=\"summary_large_image\" \/>\n<meta name=\"twitter:site\" content=\"@myolympe\" \/>\n<meta name=\"twitter:label1\" content=\"Dur\u00e9e de lecture estim\u00e9e\" \/>\n\t<meta name=\"twitter:data1\" content=\"3 minutes\" \/>\n<script type=\"application\/ld+json\" class=\"yoast-schema-graph\">{\"@context\":\"https:\\\/\\\/schema.org\",\"@graph\":[{\"@type\":\"WebPage\",\"@id\":\"https:\\\/\\\/www.my-olympe.com\\\/index.php\\\/silver-eco\\\/\",\"url\":\"https:\\\/\\\/www.my-olympe.com\\\/index.php\\\/silver-eco\\\/\",\"name\":\"Silver Eco - MY OLYMPE\",\"isPartOf\":{\"@id\":\"https:\\\/\\\/www.my-olympe.com\\\/#website\"},\"primaryImageOfPage\":{\"@id\":\"https:\\\/\\\/www.my-olympe.com\\\/index.php\\\/silver-eco\\\/#primaryimage\"},\"image\":{\"@id\":\"https:\\\/\\\/www.my-olympe.com\\\/index.php\\\/silver-eco\\\/#primaryimage\"},\"thumbnailUrl\":\"https:\\\/\\\/www.my-olympe.com\\\/wp-content\\\/uploads\\\/2016\\\/03\\\/page_SilverNight.jpg\",\"datePublished\":\"2016-05-17T12:45:32+00:00\",\"dateModified\":\"2020-06-17T13:12:54+00:00\",\"breadcrumb\":{\"@id\":\"https:\\\/\\\/www.my-olympe.com\\\/index.php\\\/silver-eco\\\/#breadcrumb\"},\"inLanguage\":\"fr-FR\",\"potentialAction\":[{\"@type\":\"ReadAction\",\"target\":[\"https:\\\/\\\/www.my-olympe.com\\\/index.php\\\/silver-eco\\\/\"]}]},{\"@type\":\"ImageObject\",\"inLanguage\":\"fr-FR\",\"@id\":\"https:\\\/\\\/www.my-olympe.com\\\/index.php\\\/silver-eco\\\/#primaryimage\",\"url\":\"https:\\\/\\\/i0.wp.com\\\/www.my-olympe.com\\\/wp-content\\\/uploads\\\/2016\\\/03\\\/page_SilverNight.jpg?fit=702%2C547&ssl=1\",\"contentUrl\":\"https:\\\/\\\/i0.wp.com\\\/www.my-olympe.com\\\/wp-content\\\/uploads\\\/2016\\\/03\\\/page_SilverNight.jpg?fit=702%2C547&ssl=1\",\"width\":702,\"height\":547},{\"@type\":\"BreadcrumbList\",\"@id\":\"https:\\\/\\\/www.my-olympe.com\\\/index.php\\\/silver-eco\\\/#breadcrumb\",\"itemListElement\":[{\"@type\":\"ListItem\",\"position\":1,\"name\":\"Accueil\",\"item\":\"https:\\\/\\\/www.my-olympe.com\\\/\"},{\"@type\":\"ListItem\",\"position\":2,\"name\":\"Silver Eco\"}]},{\"@type\":\"WebSite\",\"@id\":\"https:\\\/\\\/www.my-olympe.com\\\/#website\",\"url\":\"https:\\\/\\\/www.my-olympe.com\\\/\",\"name\":\"MY OLYMPE\",\"description\":\"Smart Building &amp; Solutions Connect\u00e9es\",\"potentialAction\":[{\"@type\":\"SearchAction\",\"target\":{\"@type\":\"EntryPoint\",\"urlTemplate\":\"https:\\\/\\\/www.my-olympe.com\\\/?s={search_term_string}\"},\"query-input\":{\"@type\":\"PropertyValueSpecification\",\"valueRequired\":true,\"valueName\":\"search_term_string\"}}],\"inLanguage\":\"fr-FR\"}]}<\/script>\n<!-- \/ Yoast SEO plugin. -->","yoast_head_json":{"title":"Silver Eco - MY OLYMPE","robots":{"index":"index","follow":"follow","max-snippet":"max-snippet:-1","max-image-preview":"max-image-preview:large","max-video-preview":"max-video-preview:-1"},"canonical":"https:\/\/www.my-olympe.com\/index.php\/silver-eco\/","og_locale":"fr_FR","og_type":"article","og_title":"Silver Eco - MY OLYMPE","og_description":"[et_pb_section fb_built=\u00a0\u00bb1&Prime; admin_label=\u00a0\u00bbsection\u00a0\u00bb _builder_version=\u00a0\u00bb3.22&Prime;][et_pb_row _builder_version=\u00a0\u00bb3.26.6&Prime;][et_pb_column type=\u00a0\u00bb4_4&Prime; _builder_version=\u00a0\u00bb3.26.6&Prime;][et_pb_text _builder_version=\u00a0\u00bb3.26.6&Prime; text_font_size=\u00a0\u00bb49px\u00a0\u00bb text_letter_spacing=\u00a0\u00bb16px\u00a0\u00bb text_line_height=\u00a0\u00bb2em\u00a0\u00bb transform_scale=\u00a0\u00bb99%|100%\u00a0\u00bb transform_scale_linked=\u00a0\u00bboff\u00a0\u00bb transform_translate=\u00a0\u00bb241px|-30px\u00a0\u00bb transform_translate_linked=\u00a0\u00bboff\u00a0\u00bb text_orientation=\u00a0\u00bbright\u00a0\u00bb custom_margin=\u00a0\u00bb-11px|||-295px||\u00a0\u00bb custom_padding=\u00a0\u00bb3px|96px||284px||\u00a0\u00bb] Silver Economie [\/et_pb_text][\/et_pb_column][\/et_pb_row][et_pb_row column_structure=\u00a0\u00bb1_2,1_2&Prime; _builder_version=\u00a0\u00bb3.26.6&Prime; width=\u00a0\u00bb93.2%\u00a0\u00bb min_height=\u00a0\u00bb409px\u00a0\u00bb custom_margin=\u00a0\u00bb49px|auto|-347px|650px||\u00a0\u00bb custom_padding=\u00a0\u00bb||0px|0px||\u00a0\u00bb][et_pb_column type=\u00a0\u00bb1_2&Prime; _builder_version=\u00a0\u00bb3.26.6&Prime;][et_pb_text _builder_version=\u00a0\u00bb3.26.6&Prime; text_text_align=\u00a0\u00bbleft\u00a0\u00bb transform_translate=\u00a0\u00bb244px|16px\u00a0\u00bb transform_translate_linked=\u00a0\u00bboff\u00a0\u00bb custom_margin=\u00a0\u00bb|96px||-186px||\u00a0\u00bb custom_padding=\u00a0\u00bb|0px||||\u00a0\u00bb] Les solutions \u00ab\u00a0Smart\u00a0\u00bb sont essentielles lors de projets de construction ou r\u00e9novations de logements ou habitats destin\u00e9s aux Seniors. Comme [&hellip;]","og_url":"https:\/\/www.my-olympe.com\/index.php\/silver-eco\/","og_site_name":"MY OLYMPE","article_publisher":"https:\/\/www.facebook.com\/MyOlympe\/","article_modified_time":"2020-06-17T13:12:54+00:00","og_image":[{"url":"https:\/\/www.my-olympe.com\/wp-content\/uploads\/2016\/03\/page_SilverNight.jpg","type":"","width":"","height":""}],"twitter_card":"summary_large_image","twitter_site":"@myolympe","twitter_misc":{"Dur\u00e9e de lecture estim\u00e9e":"3 minutes"},"schema":{"@context":"https:\/\/schema.org","@graph":[{"@type":"WebPage","@id":"https:\/\/www.my-olympe.com\/index.php\/silver-eco\/","url":"https:\/\/www.my-olympe.com\/index.php\/silver-eco\/","name":"Silver Eco - MY OLYMPE","isPartOf":{"@id":"https:\/\/www.my-olympe.com\/#website"},"primaryImageOfPage":{"@id":"https:\/\/www.my-olympe.com\/index.php\/silver-eco\/#primaryimage"},"image":{"@id":"https:\/\/www.my-olympe.com\/index.php\/silver-eco\/#primaryimage"},"thumbnailUrl":"https:\/\/www.my-olympe.com\/wp-content\/uploads\/2016\/03\/page_SilverNight.jpg","datePublished":"2016-05-17T12:45:32+00:00","dateModified":"2020-06-17T13:12:54+00:00","breadcrumb":{"@id":"https:\/\/www.my-olympe.com\/index.php\/silver-eco\/#breadcrumb"},"inLanguage":"fr-FR","potentialAction":[{"@type":"ReadAction","target":["https:\/\/www.my-olympe.com\/index.php\/silver-eco\/"]}]},{"@type":"ImageObject","inLanguage":"fr-FR","@id":"https:\/\/www.my-olympe.com\/index.php\/silver-eco\/#primaryimage","url":"https:\/\/i0.wp.com\/www.my-olympe.com\/wp-content\/uploads\/2016\/03\/page_SilverNight.jpg?fit=702%2C547&ssl=1","contentUrl":"https:\/\/i0.wp.com\/www.my-olympe.com\/wp-content\/uploads\/2016\/03\/page_SilverNight.jpg?fit=702%2C547&ssl=1","width":702,"height":547},{"@type":"BreadcrumbList","@id":"https:\/\/www.my-olympe.com\/index.php\/silver-eco\/#breadcrumb","itemListElement":[{"@type":"ListItem","position":1,"name":"Accueil","item":"https:\/\/www.my-olympe.com\/"},{"@type":"ListItem","position":2,"name":"Silver Eco"}]},{"@type":"WebSite","@id":"https:\/\/www.my-olympe.com\/#website","url":"https:\/\/www.my-olympe.com\/","name":"MY OLYMPE","description":"Smart Building &amp; Solutions Connect\u00e9es","potentialAction":[{"@type":"SearchAction","target":{"@type":"EntryPoint","urlTemplate":"https:\/\/www.my-olympe.com\/?s={search_term_string}"},"query-input":{"@type":"PropertyValueSpecification","valueRequired":true,"valueName":"search_term_string"}}],"inLanguage":"fr-FR"}]}},"jetpack_sharing_enabled":true,"jetpack_shortlink":"https:\/\/wp.me\/P7JYxQ-5m","jetpack-related-posts":[],"jetpack_likes_enabled":true,"_links":{"self":[{"href":"https:\/\/www.my-olympe.com\/index.php\/wp-json\/wp\/v2\/pages\/332","targetHints":{"allow":["GET"]}}],"collection":[{"href":"https:\/\/www.my-olympe.com\/index.php\/wp-json\/wp\/v2\/pages"}],"about":[{"href":"https:\/\/www.my-olympe.com\/index.php\/wp-json\/wp\/v2\/types\/page"}],"author":[{"embeddable":true,"href":"https:\/\/www.my-olympe.com\/index.php\/wp-json\/wp\/v2\/users\/1"}],"replies":[{"embeddable":true,"href":"https:\/\/www.my-olympe.com\/index.php\/wp-json\/wp\/v2\/comments?post=332"}],"version-history":[{"count":31,"href":"https:\/\/www.my-olympe.com\/index.php\/wp-json\/wp\/v2\/pages\/332\/revisions"}],"predecessor-version":[{"id":13554,"href":"https:\/\/www.my-olympe.com\/index.php\/wp-json\/wp\/v2\/pages\/332\/revisions\/13554"}],"wp:attachment":[{"href":"https:\/\/www.my-olympe.com\/index.php\/wp-json\/wp\/v2\/media?parent=332"}],"curies":[{"name":"wp","href":"https:\/\/api.w.org\/{rel}","templated":true}]}}